{"id":38,"date":"2024-09-14T09:19:44","date_gmt":"2024-09-14T09:19:44","guid":{"rendered":"https:\/\/corporaciondanzarte.com\/?page_id=38"},"modified":"2026-02-07T00:54:32","modified_gmt":"2026-02-07T00:54:32","slug":"galeria","status":"publish","type":"page","link":"https:\/\/corporaciondanzarte.com\/?page_id=38","title":{"rendered":"Galer\u00eda"},"content":{"rendered":"\n<h2 class=\"wp-block-heading\">Fotos<\/h2>\n\n\n\nngg_shortcode_0_placeholder\n\n\n\n<hr class=\"wp-block-separator has-alpha-channel-opacity\"\/>\n\n\n\n<h2 class=\"wp-block-heading\">Videos<\/h2>\n\n\n\n<div class=\"danzarte-gallery-container\">\n        <div class=\"danzarte-grid\">\n            \n            <!-- Video 1 -->\n            <div class=\"video-item\" onclick=\"openVideo('https:\/\/corporaciondanzarte.com\/wp-content\/uploads\/2024\/09\/2.VIDEO-MASCARAS-RAMON-C.mp4')\">\n                <div class=\"play-bubble\">\n                    <div class=\"play-icon\"><\/div>\n                <\/div>\n                <div class=\"video-title\">M\u00e1scaras Ram\u00f3n C.<\/div>\n            <\/div>\n\n            <!-- Video 2 -->\n            <div class=\"video-item\" onclick=\"openVideo('https:\/\/corporaciondanzarte.com\/wp-content\/uploads\/2024\/09\/1.Proyecto-MCAS-DESARROLLO-DE-ACTIVIDADES2-1.mp4')\">\n                <div class=\"play-bubble\">\n                    <div class=\"play-icon\"><\/div>\n                <\/div>\n                <div class=\"video-title\">Proyecto Ministerio de las Culturas, las Artes y los Saberes de Colombia<\/div>\n            <\/div>\n\n            <!-- Video 3 -->\n            <div class=\"video-item\" onclick=\"openVideo('https:\/\/corporaciondanzarte.com\/wp-content\/uploads\/2024\/09\/3.-PROYECTO-MCAS-CHOTIS-I.E.-LA-PENA.mp4')\">\n                <div class=\"play-bubble\">\n                    <div class=\"play-icon\"><\/div>\n                <\/div>\n                <div class=\"video-title\">Proyecto Ministerio de las Culturas, las Artes y los Saberes de Colombia 2<\/div>\n            <\/div>\n\n            <!-- Video 4 -->\n            <div class=\"video-item\" onclick=\"openVideo('https:\/\/corporaciondanzarte.com\/wp-content\/uploads\/2024\/09\/4.RUMBA-SAN-ANDRES-1.mp4')\">\n                <div class=\"play-bubble\">\n                    <div class=\"play-icon\"><\/div>\n                <\/div>\n                <div class=\"video-title\">Rumba San Andr\u00e9s<\/div>\n            <\/div>\n\n            <!-- Video 5 -->\n            <div class=\"video-item\" onclick=\"openVideo('https:\/\/corporaciondanzarte.com\/wp-content\/uploads\/2024\/09\/5.URBANO-BUNDE-ELENCO-DANZARTE.mp4')\">\n                <div class=\"play-bubble\">\n                    <div class=\"play-icon\"><\/div>\n                <\/div>\n                <div class=\"video-title\">Urbano Bunde Elenco<\/div>\n            <\/div>\n\n        <\/div>\n    <\/div>\n\n    <!-- El Modal -->\n    <div id=\"videoModal\" class=\"video-modal\" onclick=\"closeVideo(event)\">\n        <button class=\"close-btn\" onclick=\"closeVideo(event, true)\">\u2715<\/button>\n        <div class=\"modal-content\">\n            <video id=\"mainPlayer\" controls controlsList=\"nodownload\">\n                Tu navegador no soporta videos HTML5.\n            <\/video>\n        <\/div>\n    <\/div>\n\n    <script>\n        const modal = document.getElementById('videoModal');\n        const player = document.getElementById('mainPlayer');\n\n        \/\/ Funci\u00f3n para abrir el modal\n        function openVideo(videoSrc) {\n            player.src = videoSrc; \/\/ Asignar la URL\n            modal.classList.add('active'); \/\/ Mostrar modal\n            player.play(); \/\/ Reproducir autom\u00e1ticamente\n        }\n\n        \/\/ Funci\u00f3n para cerrar el modal\n        function closeVideo(event, forceClose) {\n            \/\/ Si forceClose es true (bot\u00f3n X) o si se hace click fuera del contenido (fondo oscuro)\n            if (forceClose || event.target === modal) {\n                modal.classList.remove('active');\n                player.pause(); \/\/ Pausar video\n                player.currentTime = 0; \/\/ Reiniciar video\n                setTimeout(() => {\n                    player.src = \"\"; \/\/ Limpiar fuente para detener descarga de datos\n                }, 300);\n            }\n        }\n\n        \/\/ Cerrar con tecla ESC\n        document.addEventListener('keydown', function(event) {\n            if (event.key === \"Escape\") {\n                closeVideo(event, true);\n            }\n        });\n    <\/script>\n","protected":false},"excerpt":{"rendered":"<p>Fotos Videos M\u00e1scaras Ram\u00f3n C. Proyecto Ministerio de las Culturas, las Artes y los Saberes de Colombia Proyecto Ministerio de las Culturas, las Artes y los Saberes de Colombia 2 Rumba San Andr\u00e9s Urbano Bunde Elenco \u2715 Tu navegador no soporta videos HTML5.<\/p>\n","protected":false},"author":1,"featured_media":0,"parent":0,"menu_order":0,"comment_status":"closed","ping_status":"closed","template":"","meta":{"ngg_post_thumbnail":0,"footnotes":""},"class_list":["post-38","page","type-page","status-publish","hentry"],"yoast_head":"<!-- This site is optimized with the Yoast SEO plugin v27.4 - https:\/\/yoast.com\/product\/yoast-seo-wordpress\/ -->\n<title>Galer\u00eda - Corporaci\u00f3n Cultural Danzarte<\/title>\n<meta name=\"robots\" content=\"index, follow, max-snippet:-1, max-image-preview:large, max-video-preview:-1\" \/>\n<link rel=\"canonical\" href=\"https:\/\/corporaciondanzarte.com\/?page_id=38\" \/>\n<meta property=\"og:locale\" content=\"en_US\" \/>\n<meta property=\"og:type\" content=\"article\" \/>\n<meta property=\"og:title\" content=\"Galer\u00eda - Corporaci\u00f3n Cultural Danzarte\" \/>\n<meta property=\"og:description\" content=\"Fotos Videos M\u00e1scaras Ram\u00f3n C. Proyecto Ministerio de las Culturas, las Artes y los Saberes de Colombia Proyecto Ministerio de las Culturas, las Artes y los Saberes de Colombia 2 Rumba San Andr\u00e9s Urbano Bunde Elenco \u2715 Tu navegador no soporta videos HTML5.\" \/>\n<meta property=\"og:url\" content=\"https:\/\/corporaciondanzarte.com\/?page_id=38\" \/>\n<meta property=\"og:site_name\" content=\"Corporaci\u00f3n Cultural Danzarte\" \/>\n<meta property=\"article:modified_time\" content=\"2026-02-07T00:54:32+00:00\" \/>\n<meta name=\"twitter:card\" content=\"summary_large_image\" \/>\n<meta name=\"twitter:label1\" content=\"Est. reading time\" \/>\n\t<meta name=\"twitter:data1\" content=\"1 minute\" \/>\n<script type=\"application\/ld+json\" class=\"yoast-schema-graph\">{\"@context\":\"https:\\\/\\\/schema.org\",\"@graph\":[{\"@type\":\"WebPage\",\"@id\":\"https:\\\/\\\/corporaciondanzarte.com\\\/?page_id=38\",\"url\":\"https:\\\/\\\/corporaciondanzarte.com\\\/?page_id=38\",\"name\":\"Galer\u00eda - Corporaci\u00f3n Cultural Danzarte\",\"isPartOf\":{\"@id\":\"https:\\\/\\\/corporaciondanzarte.com\\\/#website\"},\"datePublished\":\"2024-09-14T09:19:44+00:00\",\"dateModified\":\"2026-02-07T00:54:32+00:00\",\"breadcrumb\":{\"@id\":\"https:\\\/\\\/corporaciondanzarte.com\\\/?page_id=38#breadcrumb\"},\"inLanguage\":\"en-US\",\"potentialAction\":[{\"@type\":\"ReadAction\",\"target\":[\"https:\\\/\\\/corporaciondanzarte.com\\\/?page_id=38\"]}]},{\"@type\":\"BreadcrumbList\",\"@id\":\"https:\\\/\\\/corporaciondanzarte.com\\\/?page_id=38#breadcrumb\",\"itemListElement\":[{\"@type\":\"ListItem\",\"position\":1,\"name\":\"Home\",\"item\":\"https:\\\/\\\/corporaciondanzarte.com\\\/\"},{\"@type\":\"ListItem\",\"position\":2,\"name\":\"Galer\u00eda\"}]},{\"@type\":\"WebSite\",\"@id\":\"https:\\\/\\\/corporaciondanzarte.com\\\/#website\",\"url\":\"https:\\\/\\\/corporaciondanzarte.com\\\/\",\"name\":\"Corporaci\u00f3n Cultural Danzarte\",\"description\":\"\",\"publisher\":{\"@id\":\"https:\\\/\\\/corporaciondanzarte.com\\\/#organization\"},\"potentialAction\":[{\"@type\":\"SearchAction\",\"target\":{\"@type\":\"EntryPoint\",\"urlTemplate\":\"https:\\\/\\\/corporaciondanzarte.com\\\/?s={search_term_string}\"},\"query-input\":{\"@type\":\"PropertyValueSpecification\",\"valueRequired\":true,\"valueName\":\"search_term_string\"}}],\"inLanguage\":\"en-US\"},{\"@type\":\"Organization\",\"@id\":\"https:\\\/\\\/corporaciondanzarte.com\\\/#organization\",\"name\":\"Corporaci\u00f3n Cultural Danzarte\",\"url\":\"https:\\\/\\\/corporaciondanzarte.com\\\/\",\"logo\":{\"@type\":\"ImageObject\",\"inLanguage\":\"en-US\",\"@id\":\"https:\\\/\\\/corporaciondanzarte.com\\\/#\\\/schema\\\/logo\\\/image\\\/\",\"url\":\"https:\\\/\\\/corporaciondanzarte.com\\\/wp-content\\\/uploads\\\/2025\\\/01\\\/cropped-LogoNuevo.jpeg\",\"contentUrl\":\"https:\\\/\\\/corporaciondanzarte.com\\\/wp-content\\\/uploads\\\/2025\\\/01\\\/cropped-LogoNuevo.jpeg\",\"width\":818,\"height\":517,\"caption\":\"Corporaci\u00f3n Cultural Danzarte\"},\"image\":{\"@id\":\"https:\\\/\\\/corporaciondanzarte.com\\\/#\\\/schema\\\/logo\\\/image\\\/\"}}]}<\/script>\n<!-- \/ Yoast SEO plugin. -->","yoast_head_json":{"title":"Galer\u00eda - Corporaci\u00f3n Cultural Danzarte","robots":{"index":"index","follow":"follow","max-snippet":"max-snippet:-1","max-image-preview":"max-image-preview:large","max-video-preview":"max-video-preview:-1"},"canonical":"https:\/\/corporaciondanzarte.com\/?page_id=38","og_locale":"en_US","og_type":"article","og_title":"Galer\u00eda - Corporaci\u00f3n Cultural Danzarte","og_description":"Fotos Videos M\u00e1scaras Ram\u00f3n C. Proyecto Ministerio de las Culturas, las Artes y los Saberes de Colombia Proyecto Ministerio de las Culturas, las Artes y los Saberes de Colombia 2 Rumba San Andr\u00e9s Urbano Bunde Elenco \u2715 Tu navegador no soporta videos HTML5.","og_url":"https:\/\/corporaciondanzarte.com\/?page_id=38","og_site_name":"Corporaci\u00f3n Cultural Danzarte","article_modified_time":"2026-02-07T00:54:32+00:00","twitter_card":"summary_large_image","twitter_misc":{"Est. reading time":"1 minute"},"schema":{"@context":"https:\/\/schema.org","@graph":[{"@type":"WebPage","@id":"https:\/\/corporaciondanzarte.com\/?page_id=38","url":"https:\/\/corporaciondanzarte.com\/?page_id=38","name":"Galer\u00eda - Corporaci\u00f3n Cultural Danzarte","isPartOf":{"@id":"https:\/\/corporaciondanzarte.com\/#website"},"datePublished":"2024-09-14T09:19:44+00:00","dateModified":"2026-02-07T00:54:32+00:00","breadcrumb":{"@id":"https:\/\/corporaciondanzarte.com\/?page_id=38#breadcrumb"},"inLanguage":"en-US","potentialAction":[{"@type":"ReadAction","target":["https:\/\/corporaciondanzarte.com\/?page_id=38"]}]},{"@type":"BreadcrumbList","@id":"https:\/\/corporaciondanzarte.com\/?page_id=38#breadcrumb","itemListElement":[{"@type":"ListItem","position":1,"name":"Home","item":"https:\/\/corporaciondanzarte.com\/"},{"@type":"ListItem","position":2,"name":"Galer\u00eda"}]},{"@type":"WebSite","@id":"https:\/\/corporaciondanzarte.com\/#website","url":"https:\/\/corporaciondanzarte.com\/","name":"Corporaci\u00f3n Cultural Danzarte","description":"","publisher":{"@id":"https:\/\/corporaciondanzarte.com\/#organization"},"potentialAction":[{"@type":"SearchAction","target":{"@type":"EntryPoint","urlTemplate":"https:\/\/corporaciondanzarte.com\/?s={search_term_string}"},"query-input":{"@type":"PropertyValueSpecification","valueRequired":true,"valueName":"search_term_string"}}],"inLanguage":"en-US"},{"@type":"Organization","@id":"https:\/\/corporaciondanzarte.com\/#organization","name":"Corporaci\u00f3n Cultural Danzarte","url":"https:\/\/corporaciondanzarte.com\/","logo":{"@type":"ImageObject","inLanguage":"en-US","@id":"https:\/\/corporaciondanzarte.com\/#\/schema\/logo\/image\/","url":"https:\/\/corporaciondanzarte.com\/wp-content\/uploads\/2025\/01\/cropped-LogoNuevo.jpeg","contentUrl":"https:\/\/corporaciondanzarte.com\/wp-content\/uploads\/2025\/01\/cropped-LogoNuevo.jpeg","width":818,"height":517,"caption":"Corporaci\u00f3n Cultural Danzarte"},"image":{"@id":"https:\/\/corporaciondanzarte.com\/#\/schema\/logo\/image\/"}}]}},"brizy_media":[],"_links":{"self":[{"href":"https:\/\/corporaciondanzarte.com\/index.php?rest_route=\/wp\/v2\/pages\/38","targetHints":{"allow":["GET"]}}],"collection":[{"href":"https:\/\/corporaciondanzarte.com\/index.php?rest_route=\/wp\/v2\/pages"}],"about":[{"href":"https:\/\/corporaciondanzarte.com\/index.php?rest_route=\/wp\/v2\/types\/page"}],"author":[{"embeddable":true,"href":"https:\/\/corporaciondanzarte.com\/index.php?rest_route=\/wp\/v2\/users\/1"}],"replies":[{"embeddable":true,"href":"https:\/\/corporaciondanzarte.com\/index.php?rest_route=%2Fwp%2Fv2%2Fcomments&post=38"}],"version-history":[{"count":5,"href":"https:\/\/corporaciondanzarte.com\/index.php?rest_route=\/wp\/v2\/pages\/38\/revisions"}],"predecessor-version":[{"id":277,"href":"https:\/\/corporaciondanzarte.com\/index.php?rest_route=\/wp\/v2\/pages\/38\/revisions\/277"}],"wp:attachment":[{"href":"https:\/\/corporaciondanzarte.com\/index.php?rest_route=%2Fwp%2Fv2%2Fmedia&parent=38"}],"curies":[{"name":"wp","href":"https:\/\/api.w.org\/{rel}","templated":true}]}}